ded by 136.
133
What is the remainder when 4380 is divided by 136?
28
Calculate the remainder when 45137 is divided by 76.
69
Calculate the remainder when 5624743 is divided by 311.
308
What is the remainder when 88049 is divided by 3825?
74
Calculate the remainder when 32238 is divided by 512.
494
Calculate the remainder when 24447 is divided by 445.
417
Calculate the remainder when 4398 is divided by 22.
20
What is the remainder when 2839 is divided by 241?
188
What is the remainder when 81310 is divided by 806?
710
Calculate the remainder when 54644 is divided by 13652.
36
What is the remainder when 302 is divided by 12?
2
What is the remainder when 45178 is divided by 36?
34
What is the remainder when 654284 is divided by 24?
20
What is the remainder when 695938 is divided by 70?
68
Calculate the remainder when 98223 is divided by 235.
228
Calculate the remainder when 236936 is divided by 59.
51
Calculate the remainder when 82893 is divided by 281.
279
What is the remainder when 43800 is divided by 300?
0
What is the remainder when 18428 is divided by 18428?
0
What is the remainder when 240001 is divided by 47999?
6
Calculate the remainder when 73914 is divided by 459.
15
What is the remainder when 32469 is divided by 20?
9
Calculate the remainder when 154493 is divided by 16.
13
Calculate the remainder when 2895725 is divided by 252.
245
Calculate the remainder when 284351 is divided by 213.
209
Calculate the remainder when 432119 is divided by 10.
9
Calculate the remainder when 2209327 is divided by 1269.
1267
Calculate the remainder when 13815 is divided by 69.
15
What is the remainder when 122048 is divided by 164?
32
What is the remainder when 3490896 is divided by 106?
104
What is the remainder when 142288 is divided by 62?
60
What is the remainder when 305136 is divided by 37?
34
Calculate the remainder when 7468 is divided by 91.
6
Calculate the remainder when 62842 is divided by 1366.
6
Calculate the remainder when 16156 is divided by 107.
106
What is the remainder when 2128188 is divided by 16?
12
Calculate the remainder when 25278 is divided by 32.
30
What is the remainder when 2442 is divided by 83?
35
What is the remainder when 1650328 is divided by 165?
163
Calculate the remainder when 732 is divided by 697.
35
What is the remainder when 17223 is divided by 325?
323
Calculate the remainder when 1434939 is divided by 20.
19
Calculate the remainder when 34785 is divided by 223.
220
What is the remainder when 26009 is divided by 289?
288
Calculate the remainder when 2081 is divided by 299.
287
What is the remainder when 3369 is divided by 44?
25
What is the remainder when 919509 is divided by 228?
213
What is the remainder when 6951 is divided by 493?
49
Calculate the remainder when 4216 is divided by 100.
16
What is the remainder when 1896 is divided by 4?
0
What is the remainder when 5529 is divided by 5523?
6
Calculate the remainder when 53405 is divided by 54.
53
Calculate the remainder when 12073 is divided by 98.
19
What is the remainder when 1210 is divided by 1?
0
Calculate the remainder when 2051 is divided by 1419.
632
Calculate the remainder when 16451 is divided by 4103.
39
What is the remainder when 39188 is divided by 784?
772
What is the remainder when 112355 is divided by 2006?
19
What is the remainder when 7880 is divided by 40?
0
Calculate the remainder when 9543 is divided by 586.
167
What is the remainder when 4872 is divided by 767?
270
Calculate the remainder when 3231 is divided by 3204.
27
What is the remainder when 6708 is divided by 1674?
12
What is the remainder when 89880 is divided by 43?
10
What is the remainder when 16798 is divided by 20?
18
Calculate the remainder when 372 is divided by 71.
17
Calculate the remainder when 13520 is divided by 442.
260
What is the remainder when 1806 is divided by 72?
6
Calculate the remainder when 1151 is divided by 9.
8
What is the remainder when 2753 is divided by 138?
131
Calculate the remainder when 9183 is divided by 748.
207
Calculate the remainder when 3898 is divided by 13.
11
What is the remainder when 82133 is divided by 254?
91
What is the remainder when 10086 is divided by 232?
110
Calculate the remainder when 17969 is divided by 8817.
335
What is the remainder when 5791 is divided by 108?
67
Calculate the remainder when 3410 is divided by 187.
44
Calculate the remainder when 45609 is divided by 1983.
0
What is the remainder when 2668 is divided by 881?
25
What is the remainder when 9535 is divided by 4693?
149
Calculate the remainder when 11857 is divided by 247.
1
What is the remainder when 902888 is divided by 249?
14
Calculate the remainder when 4711 is divided by 2355.
1
What is the remainder when 161669 is divided by 1115?
1109
Calculate the remainder when 936 is divided by 927.
9
Calculate the remainder when 76163 is divided by 217.
213
Calculate the remainder when 292200 is divided by 2319.
6
What is the remainder when 2445920 is divided by 270?
260
Calculate the remainder when 1126 is divided by 65.
21
What is the remainder when 1287 is divided by 1248?
39
Calculate the remainder when 309625 is divided by 106.
105
Calculate the remainder when 11362 is divided by 247.
0
Calculate the remainder when 105552 is divided by 178.
176
Calculate the remainder when 1176 is divided by 305.
261
Calculate the remainder when 24206 is divided by 78.
26
Calculate the remainder when 326389 is divided by 662.
23
What is the remainder when 3268 is divided by 1235?
798
Calculate the remainder when 2658 is divided by 443.
0
What is the remainder when 54013 is divided by 7707?
64
What is the remainder when 52686 is divided by 554?
56
What is the remainder when 69669 is divided by 711?
702
What is the remainder when 24938 is divided by 12447?
44
What is the remainder when 69067 is divided by 5?
2
Calculate the remainder when 1315 is divided by 525.
265
Calculate the remainder when 37043 is divided by 4.
3
Calculate the remainder when 9501 is divided by 108.
105
What is the remainder when 2394 is divided by 426?
264
Calculate the remainder when 43415 is divided by 537.
455
What is the remainder when 633904 is divided by 258?
256
What is the remainder when 74548 is divided by 70?
68
Calculate the remainder when 30045 is divided by 68.
57
Calculate the remainder when 1274 is divided by 66.
20
What is the remainder when 28696 is divided by 31?
21
What is the remainder when 6469 is divided by 80?
69
Calculate the remainder when 1135678 is divided by 420.
418
Calculate the remainder when 652 is divided by 364.
288
Calculate the remainder when 34644 is divided by 142.
138
Calculate the remainder when 47110 is divided by 3137.
55
What is the remainder when 15426 is divided by 2568?
18
What is the remainder when 3572 is divided by 829?
256
What is the remainder when 2192997 is divided by 1020?
1017
Calculate the remainder when 37917 is divided by 227.
8
Calculate the remainder when 2032 is divided by 403.
17
What is the remainder when 251269 is divided by 83750?
19
Calculate the remainder when 33389 is divided by 8.
5
Calculate the remainder when 2654 is divided by 658.
22
Calculate the remainder when 129792 is divided by 88.
80
What is the remainder when 11958910 is divided by 16?
14
What is the remainder when 38274 is divided by 17?
7
What is the remainder when 9986 is divided by 4975?
36
Calculate the remainder when 1838 is divided by 260.
18
Calculate the remainder when 9615 is divided by 990.
705
What is the remainder when 20002 is divided by 2855?
17
What is the remainder when 4933 is divided by 574?
341
What is the remainder when 112805 is divided by 434?
399
What is the remainder when 5811 is divided by 6?
3
Calculate the remainder when 13817 is divided by 6538.
741
What is the remainder when 7089 is divided by 1164?
105
What is the remainder when 29751 is divided by 1876?
1611
What is the remainder when 4877 is divided by 140?
117
What is the remainder when 76240 is divided by 1?
0
What is the remainder when 7125 is divided by 1740?
165
Calculate the remainder when 75853 is divided by 3992.
5
Calculate the remainder when 5354 is divided by 283.
260
Calculate the remainder when 91475 is divided by 297.
296
Calculate the remainder when 1665 is divided by 91.
27
W